4189 = 0, 0 = -2*k - 5*p + 2346 - w. Is k prime?
False
Let g be (5 + -15)*(-1)/2. Let r be 3 - g/((-10)/(-6)). Suppose 0 = 2*b - r*b, 4*a - 584 = -3*b. Is a prime?
False
Let j = 15 + -13. Let p(k) = 69*k**3 - 2*k**2 - k - 1. Is p(j) a composite number?
False
Suppose -62 = -3*l + 7. Let k(r) = l*r**2 - 1 - 21*r**2 + 26*r**2 - 7*r. Is k(-6) composite?
False
Suppose 1088*y - 73412 = 1084*y. Is y prime?
True
Suppose 39124 = 26*r - 2970. Is r a prime number?
True
Let y(t) = 8*t**3 - 11*t**2 - t + 1. Let x be (-92)/(-12) + 2/6. Let s be y(x). Suppose 0 = 5*u - s + 815. Is u a prime number?
False
Let i(h) = 193*h**2 + 21*h + 145. Let k(q) = -39*q**2 - 4*q - 29. Let x(w) = -2*i(w) - 11*k(w). Is x(-4) a composite number?
False
Suppose 89595 = 13*c - 27184. Is c a composite number?
True
Let q(u) = -18*u**2 + 4*u - 2. Suppose -4*s - r = -20, 0 = s + 2*s + 3*r - 15. Let m be q(s). Let f = m + 979. Is f prime?
True
Let g = -6327 - -11064. Is g prime?
False
Let x be (-1)/(3/(-2) + 1). Suppose 2*z + 446 = -5*l + 122, 0 = -x*z + 6. Let d = 119 + l. Is d prime?
True
Is (-40)/70 - 27899/(-7) a prime number?
False
Suppose -44*g + 3*w = -47*g + 95916, -4*g + 127883 = -w. Is g prime?
False
Suppose -3929 = -2*y - 0*o + 3*o, -5*y + 4*o + 9805 = 0. Suppose 628 + y = 11*c. Is c composite?
True
Let z(r) be the second derivative of -1/6*r**3 + 0 - 5*r**2 + 11/6*r**4 - 7*r. Is z(5) composite?
True
Suppose 23 = b - 4*o, 2*b - 4*o - 32 = -2*b. Let p(k) = 542*k**2 + k. Let y be p(-1). Suppose -5*j + j = -i - y, b*j - 3*i - 417 = 0. Is j a composite number?
True
Let o(d) = 2*d**3 - 2*d**2 - 18*d + 23. Is o(10) a composite number?
True
Suppose -3*j + 58401 = 9318. Is j prime?
True
Suppose -19*o + 24490 = -88579. Is o prime?
False
Suppose 20*w + 7948 = 24*w. Is w prime?
True
Suppose 7820 = 5*j + v, 0*j + 3*j - 4699 = -2*v. Is j a composite number?
True
Let v(l) = -4*l - 19. Let z = 10 - 16. Let w be v(z). Suppose w*g - 4*n = 235, g - 48 = -0*g + n. Is g prime?
True
Suppose -7*b - 9*b + 100384 = 0. Is b composite?
True
Let s = 24 - 22. Let y(k) = 2*k + 2 + 8 + 6*k**2 - 3 + 3*k**s. Is y(-6) prime?
False
Suppose -2*q = -10*q + 188248. Is q composite?
False
Let z = -1 - -1. Let a be (2 - (z + 2))*1. Suppose a = 5*x - 2*x - 111. Is x composite?
False
Let w = 69 - 122. Let n = 97 + w. Is (n + -2 + 1)*1 composite?
False
Is (2091744/34 - 1) + 4/34 a composite number?
True
Suppose 0 = 5*k - 5, 0*s + 3*k = 2*s - 1181. Let x = s - -693. Is x a prime number?
False
Let y(g) = g**3 + g**2 - g + 1. Let n(j) = -3*j**3 + 6*j**2 - 5*j + 1. Let u(z) = n(z) + 2*y(z). Let s be u(7). Is (838 + 6)*s/4 a prime number?
False
Let n(z) = 828*z + 467. Is n(6) a composite number?
True
Suppose -5955 = -7*c + 5882. Suppose b + c = n, 2*b = -b + 6. Is n composite?
False
Let n(j) = -31*j + 2. Let r be n(-3). Suppose 0 = 9*p + p + 360. Let y = p + r. Is y a composite number?
False
Let a be (-56)/(-8) - (4 - 1)/3. Suppose a*f = 1427 + 2737. Is f composite?
True
Suppose -15 = -5*l - 130. Is (36 + -2)*l/(-2) a prime number?
False
Let o be 667 + (4 - 6)/(-2). Let k = 449 + o. Is k a prime number?
True
Let h be (336/(-10))/(12/(-40)). Let v = 45 + -2. Let y = h + v. Is y prime?
False
Suppose 0 = -9*g + 13*g - 12. Suppose 4*v - g = -3*j, v + 3*v + 4*j - 8 = 0. Is 2495*v/(-60)*4 prime?
True
Let a(u) = 35*u**2 + u + 5. Let z(f) = 106*f**2 + 4*f + 14. Let s(h) = -17*a(h) + 6*z(h). Is s(3) a composite number?
False
Let z = -14 + 11. Is 1/(3/(-141))*z a prime number?
False
Let p = 61 + -85. Is ((-1146)/(-8))/((-9)/p) a prime number?
False
Let x(c) = 24*c**2 - 7*c - 6. Let j be x(-4). Let d = j - 200. Suppose f - d = -79. Is f composite?
False
Is ((-1166516)/(-234))/((-2)/(-9)) a prime number?
True
Let b = 14 - 13. Let p be (b + 2 - 0) + 441. Let v = 211 + p. Is v composite?
True
Let l(q) = 2*q**3 + 2*q**2 - 4. Let d(g) = -g**3 - g**2 - g + 1. Let m(s) = -3*d(s) - l(s). Let j be m(-2). Is 1146/j*(-12)/8 a composite number?
False
Is (-1*(1 + 6 - -199282))/(-1) prime?
True
Let i(l) = l + 6. Let s be i(8). Suppose -5*b - 26 - s = 0. Is (-4)/(-8) + (-4692)/b a composite number?
False
Suppose -s = -4*x - 9722, 0 = -3*s + 5*x - 2*x + 29166. Is s a composite number?
True
Suppose -2*y + 6 = -4. Suppose -3*s + 1 = -y. Suppose -c - c + 3*p = -272, 0 = p + s. Is c a prime number?
False
Let g = -2508 - -4427. Is g a prime number?
False
Suppose q = -3*x + 2998 + 2823, -q - 4*x = -5825. Is q a composite number?
True
Let b(i) = i**2 + i + 5. Let m be b(0). Suppose 19820 = m*a - 5*n, -4*n + 21390 = 4*a + 5558. Is a a composite number?
True
Let k = -29 + 21. Is k + 396 - (0 - 1) prime?
True
Suppose -4*c - 2*t = -4*t + 54, 0 = -c + 5*t - 36. Let p be 11/(c/2646)*-1. Suppose 0 = 3*w - 3*o - 2*o - p, 2*o = -2*w + 1780. Is w prime?
True
Let s = 23 - 29. Let k be s - 7/(14/(-4)). Is (-701 + 1)/(-4) - k composite?
False
Let h = 895 + -1362. Suppose 4*f + 2*r = -0*f - 920, -5*r - 1160 = 5*f. Let o = f - h. Is o composite?
False
Suppose -6*f + 15 = -3*f. Suppose 3*n + j - 2*j - 480 = 0, n - 146 = f*j. Is n composite?
True
Let b(v) be the second derivative of 12*v**3 + 2*v**2 + 9*v. Let g be b(-7). Let r = 793 + g. Is r a composite number?
False
Suppose -t + 4*o = -543, -5*t + 0*o + 2810 = -o. Is t a composite number?
False
Suppose 4*j = -4*d + 12680, 0*j = 4*j + 3*d - 12677. Suppose 2*k + 2 = 0, 6*z = z - 3*k + j. Is z/7 - (-27)/63 prime?
False
Let m = -29 + 43. Let f = -14 + m. Is (3 - f)*63 - 2 a composite number?
True
Let o be (-1 - 5)/((-155)/30 - -5). Is o/15 + -2 - (-5172)/20 prime?
False
Suppose -3*t - 815 = 181. Suppose -28*l = 14*l + 6090. Let c = l - t. Is c a prime number?
False
Suppose 2*j - 11 = 3. Suppose -y + 36 = 3*w, -j*y + 2*y + 160 = -5*w. Is (-53)/(96/y - 3) a composite number?
True
Let f be (-4 - -399) + 1 + -3. Suppose -13*u = -16*u + f. Is u a composite number?
False
Let a(w) = -8*w**3 + w**2 - 2*w + 4. Let f be a(-3). Suppose -2660 = -5*v + 4*i, v + 2*i = -i + 513. Let j = v - f. Is j a prime number?
True
Suppose 19334 = -3*i + 59540. Is i prime?
False
Suppose 11*z - 26599 - 80838 = 0. Is z a prime number?
True
Let a(k) be the second derivative of -k**5/20 + 7*k**4/12 - k**3/2 + k**2 - 4*k. Is a(5) a composite number?
False
Suppose -70*q - 42843 = -73*q. Is q a composite number?
False
Let s(o) = -5 - 2 - 4*o + 5 + o**2. Let i be s(5). Suppose -7*v + 104 = -i*v. Is v prime?
False
Is (-79362)/(-8) - 6/(-8) a composite number?
True
Let u(z) = z**3 + 14*z**2 - z - 10. Let f be u(-14). Is 42 + 0 + f - 3 a prime number?
True
Let s = -32 - -32. Suppose -5*t - 2*c + 1645 = 0, -t - 5*c + s*c = -306. Is t prime?
True
Let k = 24 + 30. Let b = k + -38. Suppose 2*t = 282 - b. Is t a prime number?
False
Suppose 14*r - 10*r = 1656. Let i = -41 + r. Is i prime?
True
Suppose 0 = -3*j + c + 44, j + 2*c = -8 + 25. Let a be 18/(-15)*j/(-6). Is ((2 - a) + -147)/(-2) a composite number?
True
Suppose -z = -3*u - 1588, -3*z + 5384 = 3*u + 584. Is z a composite number?
False
Suppose -15*c + 12*c = -24. Let s(z) = -z**3 + 9*z**2 + 2*z - 1. Is s(c) a composite number?
False
Let b = 85 - 87. Is (291*(-40)/(-36))/(b/(-3)) composite?
True
Suppose -19313 + 4729 = -8*u. Is u composite?
False
Let f = -454 + 705. Is f prime?
True
Suppose 12 + 13 = 3*l + 5*c, 3*l + 2*c - 28 = 0. Suppose 10 = 5*d - l. Is (-59)/(-1) + (4 - d) prime?
True
Let v = -68 + 73. Let h = 45 - -183. Suppose -219 = -3*f - 4*l + h, -f + 130 = -v*l. Is f composite?
True
Let s be -3 + 516 + 8 + -4. Suppose 118 = 5*z - s. Is z composite?
False
Suppose 2*p + 3*p - 33 = 4*y, -5*y - 30 = -4*p. Suppose p*j = -4*f + 680 + 525, 0 = 4*f + 4*j - 1200. Is f prime?
False
Suppose -2*f - 2*u + 26 = 0, -2*u + u + 45 = 5*f. Suppose -f*n + 906 = -158. Is n composite?
True
Let v = 26 + 32. Suppose -2 = 3*x + 1. Let j = v - x. Is j a composite number?
False
Suppose -379*c = -382*c + 8787. Is c composite?
True
Suppose -3*w - c = -0*w + 4, 0 = 4*w - 5*c - 20. Let u be (-3 - w - -2) + 4. Is ((-3)/(u/191))/(-1) a composite number?
False
Let y = 231 - 545. Is (y/8)/((-7)/28) composite?
False
Suppose 2*j + 14 = -4*v, -v + 4*j = -2 + 1. Let i(t) = 6*t**3 - 4*t**2. Let m be i(v). Let b = 287 + m. Is b a prime number?
True
Suppose -27801 = 14*q - 88939. Is q a composite number?
True
Is -2*102018/(-30) + (-1)/5